
Let x(w) = 2*w**3 - 5*w**2 + w + 5. What is x(4)?
57
Let j(b) = -2*b**2 - 23*b + 81. Determine j(3).
-6
Let d(k) = 7*k - 33. What is d(3)?
-12
Let m(a) = 2*a**2 + a - 42. Give m(-8).
78
Let f(n) = 19*n + 272. Determine f(-15).
-13
Let l(b) = -9*b + 76. Give l(8).
4
Let p(u) = 4*u**2 + 2*u. Determine p(2).
20
Let o(u) = u**2 - 6*u - 35. Determine o(-10).
125
Let d(u) = 7*u - 83. Determine d(7).
-34
Let b(y) = y**3 + 9*y**2 - y - 6. What is b(-9)?
3
Let a(x) = x + 52. Determine a(-5).
47
Let z(k) = -2*k**2 - 14*k - 23. Give z(-6).
-11
Let h(t) = 2*t**2 + 4*t + 8. Give h(-2).
8
Let h(j) = j**3 + 4*j**2 + 5*j + 30. Give h(-4).
10
Let q(a) = -3*a + 2. Calculate q(5).
-13
Let k(o) = 5*o + 2. Calculate k(1).
7
Let j(b) = b + 13. Determine j(-7).
6
Let p(l) = l - 72. Determine p(26).
-46
Let k(u) = -3*u + 18. What is k(15)?
-27
Let w(p) = p**3 + 6*p**2 + 4*p + 9. Determine w(-5).
14
Let o(s) = -2*s**2 + 3*s + 1. Give o(-1).
-4
Let m(u) = -u**2 - 13*u - 1. Give m(-14).
-15
Let l(t) = t**2 + 19*t + 55. Give l(-16).
7
Let z(u) = -11*u**3 - u**2 + u. Calculate z(1).
-11
Let o(y) = -y**3 + 29*y - 12. Determine o(5).
8
Let w(o) = -2*o**3 - 2*o**2 + 2*o - 1. What is w(1)?
-3
Let o(f) = -f**3 - 29*f**2 + 29*f - 26. What is o(-30)?
4
Let f(x) = -7*x + 8. What is f(4)?
-20
Let q(r) = 20*r**2 - 82*r + 7. Give q(4).
-1
Let i(x) = -9*x + 18. Calculate i(2).
0
Let w(o) = o**3 + 17*o**2 + 14*o - 39. What is w(-16)?
-7
Let a(l) = 2*l**2 - 16*l - 4. Determine a(8).
-4
Let v(u) = -4*u - 5. What is v(2)?
-13
Let l(g) = 8*g**2 + 3*g + 11. What is l(-2)?
37
Let o(a) = 4*a + 7. Determine o(4).
23
Let t(c) = c**2 + 6*c - 2. Give t(-5).
-7
Let n(y) = -6*y**3 + y + 1. What is n(-1)?
6
Let k(r) = 11*r + 644. Calculate k(-58).
6
Let l(h) = -h**2 - 18*h - 25. What is l(-12)?
47
Let b(m) = -9*m - 92. Give b(-11).
7
Let c(y) = 7*y**2 + 9*y - 4. What is c(-4)?
72
Let a(b) = -b**3 - 2*b + 1. Determine a(-2).
13
Let n(z) = z**3 - 13*z**2 - 13*z - 5. What is n(14)?
9
Let a(p) = -9*p**2 + 50*p + 20. What is a(6)?
-4
Let x(p) = -5*p - 12. Determine x(-1).
-7
Let v(g) = g**2 - 8*g + 12. Determine v(7).
5
Let s(r) = -r**2 - 5*r + 3. Calculate s(-5).
3
Let g(d) = 3*d**3 - 3*d + 3. Determine g(-2).
-15
Let x(v) = -v**2 + 21*v + 12. Calculate x(22).
-10
Let l(t) = -7*t - 35. What is l(-7)?
14
Let j(n) = -3*n + 57. What is j(21)?
-6
Let r(z) = z**3 + 6*z**2 - 7*z + 8. Calculate r(-7).
8
Let j(r) = -4*r - 90. Determine j(-22).
-2
Let m(y) = 36*y - 12. What is m(0)?
-12
Let t(l) = l**2 - 13*l + 27. Calculate t(3).
-3
Let g(q) = -q**2 + 22*q + 1. Calculate g(17).
86
Let d(v) = 5*v. Calculate d(1).
5
Let s(q) = -2*q**3 - 14*q**2 + 17*q + 18. Calculate s(-8).
10
Let s(z) = -z**3 - 7*z**2 + 1. Determine s(-6).
-35
Let q(z) = 2*z**2 - 3*z - 8. Calculate q(-2).
6
Let f(y) = 44*y + 16. Determine f(-2).
-72
Let f(p) = p**3 + p**2 - 14*p - 9. Calculate f(-5).
-39
Let w(v) = 3*v - 17. Calculate w(12).
19
Let c(u) = u**2 + 2*u - 11. What is c(3)?
4
Let m(o) = -o**3 - 19*o**2 + o - 17. What is m(-19)?
-36
Let a(j) = -j**3 - 23*j**2 + 24*j - 29. Calculate a(-24).
-29
Let u(n) = -12*n - 86. Calculate u(-7).
-2
Let a(t) = -t**2 - 17*t + 30. Give a(-18).
12
Let u(k) = -k**3 - 7*k**2 + 26*k + 81. Calculate u(-9).
9
Let g(f) = -f**2 - 2*f - 4. Determine g(3).
-19
Let q(p) = p - 7. What is q(-10)?
-17
Let f(p) = -5*p**2 - 2*p - 1. Calculate f(-2).
-17
Let x(i) = -i**2 - i + 21. What is x(8)?
-51
Let n(f) = f**2 - 11*f + 8. Give n(10).
-2
Let q(u) = u + 13. What is q(10)?
23
Let w(x) = -x - 15. Calculate w(0).
-15
Let r(y) = 7*y + 44. Determine r(-12).
-40
Let o(f) = f**2 - 15*f + 15. What is o(14)?
1
Let c(q) = q**2 + 5*q - 3. Determine c(-5).
-3
Let o(h) = h**3 + 22*h**2 + h + 19. What is o(-22)?
-3
Let k(v) = v**2 + 16*v + 56. Calculate k(-4).
8
Let n(r) = -r**3 - 11*r**2 - 23*r + 4. What is n(-8)?
-4
Let b(i) = i**3 - 13*i**2 - 28*i - 30. Determine b(15).
0
Let q(f) = 8*f - 13. Determine q(-8).
-77
Let a(n) = 3*n - 38. Calculate a(13).
1
Let z(b) = -14*b - 8. Calculate z(2).
-36
Let n(k) = k**3 + 6*k**2 + 4*k - 3. Determine n(-5).
2
Let g(y) = y**2 - 14*y + 13. What is g(13)?
0
Let j(g) = 5*g**2 - g - 1. Calculate j(-1).
5
Let t(a) = -7*a - 1. What is t(2)?
-15
Let c(t) = 2*t**2 + 20*t - 34. Determine c(-12).
14
Let n(g) = g**2 + 12*g + 7. Determine n(-9).
-20
Let q(r) = -3*r + 6. Determine q(3).
-3
Let l(b) = -b**2 + 9*b - 11. What is l(7)?
3
Let d(c) = 2*c**2 + 10*c - 50. Calculate d(-10).
50
Let h(x) = x**3 + 33*x**2 + 6. Give h(-33).
6
Let v(w) = w**3 - 17*w**2 - w + 25. Calculate v(17).
8
Let f(z) = -z**2 + 23*z - 74. Determine f(18).
16
Let p(b) = -34*b + 2. Calculate p(-1).
36
Let a(p) = -p**2 + 21*p + 14. Calculate a(23).
-32
Let m(r) = 11*r - 149. Determine m(13).
-6
Let b(c) = -c**3 - 3*c**2 + c - 1. What is b(2)?
-19
Let m(n) = n**3 + 7*n**2 - n + 29. What is m(-6)?
71
Let t(x) = -100*x + 3. What is t(-1)?
103
Let s(a) = 20*a**2 + a + 1. Calculate s(1).
22
Let x(d) = -d**3 + 4*d + 3. Calculate x(-2).
3
Let c(r) = 2*r - 1. Calculate c(5).
9
Let q(d) = -6*d**3 + d**2. Determine q(-1).
7
Let c(u) = 84*u**2 - 3*u - 1. What is c(-1)?
86
Let d(t) = 2*t**3 - 11*t**2 + 5*t + 2. Determine d(5).
2
Let k(r) = r**2 + 3*r + 4. Calculate k(-3).
4
Let s(m) = -12*m**3 - 2*m**2 - m. Give s(-1).
11
Let y(a) = -a - 12. Give y(-5).
-7
Let z(v) = 55*v**3 - v + 1. Calculate z(1).
55
Let b(m) = 2*m**3 - 3*m**2 + 2*m + 4. Calculate b(3).
37
Let q(l) = l**2 - 7*l + 1. What is q(6)?
-5
Let f(a) = -40*a - 227. What is f(-6)?
13
Let q(g) = g + 6. What is q(17)?
23
Let d(w) = -w**2 + 83*w + 532. Determine d(-6).
-2
Let a(g) = -g**2 + 5*g + 6. What is a(6)?
0
Let h(l) = 2*l**2 - 2*l - 3. What is h(-3)?
21
Let m(g) = -g - 2. Determine m(7).
-9
Let b(g) = -2*g**2 - 3*g + 1. Calculate b(0).
1
Let b(a) = -3*a**3 + 13*a**2 - 4*a - 11. Give b(5).
-81
Let p(i) = 15*i + 181. Calculate p(-12).
1
Let s(t) = 2*t**2 + 64*t + 348. Calculate s(-7).
-2
Let j(x) = -x**2 - 88*x - 971. Determine j(-75).
4
Let x(f) = 16*f - 58. Determine x(4).
6
Let x(b) = -b**2 - 17*b - 20. Determine x(-16).
-4
Let l(o) = -4*o + 46. Give l(13).
-6
Let o(h) = h - 19. Determine o(10).
-9
Let a(m) = m**3 - 7*m**2 + 9*m + 2. Calculate a(5).
-3
Let t(i) = -i**2 - 5*i - 3. What is t(-4)?
1
Let m(b) = 23*b**3 + b**2 - b. Determine m(1).
23
Let b(t) = -3*t + 6. Give b(-4).
18
Let d(o) = o**2 + 3*o + 4. Give d(-4).
8
Let x(z) = -2*z**3 - 20*z**2 - 25*z - 10. Calculate x(-9).
53
Let a(t) = t**3 + 10*t**2 - 3*t - 9. Calculate a(-10).
21
Let n(h) = -h**3 + 9*h**2 - 7*h - 10. Calculate n(5).
55
Let c(m) = 2*m**2 + 4*m - 29. Calculate c(-6).
19
Let i(b) = 7*b - 189. Calculate i(27).
0
Let s(f) = -f**2 + 8*f + 2. Give s(9).
-7
Let s(w) = w**3 + 6*w**2 + 9*w + 11. Calculate s(-5).
-9
Let k(j) = 6*j - 82. What is k(13)?
-4
Let a(j) = 8*j - 51. Give a(8).
13
Let k(a) = -9*a + 76. What is k(6)?
22
Let g(f) = 2*f**3 + 11*f**2 - 9*f - 7. What is g(-6)?
11
Let c(j) = j**2 + 7*j + 12. Calculate c(5).
72
Let b(p) = -p - 9. Calculate b(-15).
6
Let a(z) = z - 1. What is a(-15)?
-16
Let n(f) = 6*f + 37. Calculate n(-4).
13
Let u(x) = x. Calculate u(9).
9
Let n(b) = -b**3 + 3*b**2 - 44*b + 198. Determine n(4).
6
Let z(b) = -b**3 + 12*b**2 + 14*b - 10. Give z(13).
3
Let s(t) = -t**3 + 3*t**2 + 5*t + 3. Determine s(4).
7
Let s(r) = r**2 + r + 1. Determine s(4).
21
Let m(o) = -4*o + 121. Determine m(26).
17
Let t(s) = -s + 10. Give t(13).
-3
Let b(r) = r**2 - 13*r - 12. What is b(18)?
78
Let k(w) = 17*w**3 - w**2 - 4*w - 4. What is k(-1)?
-18
Let q(y) = -2*y - 4. Give q(-4).
4
Let v(l) = 9*l + 6. Give v(-4).
-30
Let s(l) = l - 13. Give s(7).
-6
Let g(k) = k**3 + 7*k**2 - 12*k + 12. Calculate g(-8).
44
Let v(x) = 28*x + 333. What is v(-13)?
-31
Let v(s) = s**2 + 12*s + 14. Calculate v(-7).
-21
Let t(r) = 5*r - 7. What is t(0)?
-7
Let q(x) = -2*x**3 - 41*x**2 - 17*x + 38. Calculate q(-20).
-22
Let b(v) = -v**2 - 5*v. Determine b(0).
0
Let l(r) = r**2 + 4*r - 12. Give l(-5).
-7
Let n(k) = -k**3 + 3*k**2 - 4*k - 2. What is n(3)?
-14
Let t(v) = 10*v + 33. Calculate t(0).
33
Let l(r) = -r**3 + 7*r**2 + 9*r - 17. Give l(8).
-9
Let m(x) = -11*x - 4. Give m(-4).
40
Let c(a) = a + 23. Calculate c(-9).
14
Let r(n) = n**3 - 5*n**2 - 3*n + 5. What is r(4)?
-23
Let r(o) = -o**3 + 4*o**2 - 4*o + 5. Cal